alculate the highest common factor of 1612 and 767.
13
What is the highest common divisor of 52 and 3446534?
26
What is the highest common divisor of 910503 and 374?
187
What is the highest common divisor of 1921311 and 45?
9
What is the highest common divisor of 38192 and 2156?
308
Calculate the highest common factor of 44 and 13178.
22
What is the highest common factor of 2091 and 2706?
123
Calculate the greatest common factor of 3902934 and 168.
42
What is the highest common divisor of 4248 and 54168?
24
What is the highest common divisor of 103 and 331454?
103
What is the greatest common divisor of 891 and 22539?
33
Calculate the greatest common factor of 56203 and 403.
31
Calculate the greatest common divisor of 9 and 67986.
9
Calculate the highest common divisor of 2 and 12239.
1
Calculate the highest common factor of 1777167 and 63.
63
What is the highest common factor of 338 and 530829?
169
Calculate the greatest common divisor of 342 and 55290.
114
What is the greatest common divisor of 23532 and 87?
3
Calculate the highest common divisor of 1185 and 516265.
395
Calculate the greatest common factor of 176 and 200684.
44
What is the greatest common factor of 33558 and 658?
658
What is the highest common factor of 11096 and 15352?
152
Calculate the highest common factor of 36271 and 23.
23
What is the highest common factor of 19345 and 292?
73
Calculate the greatest common factor of 112 and 38234.
14
What is the highest common divisor of 648 and 5072706?
162
What is the highest common factor of 1720 and 5334580?
860
What is the greatest common factor of 54491 and 348?
29
What is the highest common factor of 256 and 3994?
2
What is the highest common divisor of 97543 and 115?
23
What is the highest common factor of 3259330 and 690?
230
What is the greatest common divisor of 56 and 17682?
14
What is the highest common factor of 81691 and 2416?
151
Calculate the highest common factor of 4329 and 468.
117
Calculate the highest common divisor of 23724 and 21348.
36
Calculate the greatest common factor of 42 and 1599738.
42
What is the highest common divisor of 1026 and 10640?
38
What is the highest common factor of 40 and 61730?
10
What is the greatest common factor of 30275 and 1925?
175
What is the highest common factor of 52520 and 11960?
520
Calculate the greatest common divisor of 1037 and 289.
17
What is the highest common factor of 78231 and 1068?
267
Calculate the highest common factor of 4189713 and 165.
33
What is the highest common factor of 147 and 9513?
21
What is the highest common factor of 6 and 16456?
2
What is the highest common divisor of 1216 and 7942?
38
What is the highest common divisor of 2684445 and 62?
31
Calculate the highest common factor of 375 and 584625.
375
Calculate the greatest common factor of 34 and 78931.
17
What is the highest common factor of 44 and 5951?
11
Calculate the highest common factor of 678 and 183399.
339
Calculate the highest common factor of 7030 and 3071.
37
Calculate the highest common divisor of 378 and 9254.
14
Calculate the greatest common divisor of 23 and 1038174.
23
Calculate the highest common divisor of 52 and 14608.
4
Calculate the greatest common divisor of 468 and 5135364.
468
What is the greatest common factor of 334 and 62291?
167
What is the highest common divisor of 130 and 236743?
13
What is the highest common divisor of 18259 and 2831?
19
Calculate the highest common factor of 107630 and 470.
470
What is the highest common divisor of 29855774 and 34?
34
What is the greatest common factor of 16848 and 5913?
81
Calculate the highest common divisor of 147 and 46844.
49
What is the greatest common divisor of 65 and 837213?
13
Calculate the highest common factor of 15 and 73475.
5
Calculate the highest common factor of 12 and 1426836.
12
What is the greatest common divisor of 126945 and 27?
9
What is the greatest common divisor of 157777 and 272?
17
What is the greatest common factor of 1429560 and 330?
330
Calculate the greatest common divisor of 56 and 1078.
14
What is the highest common factor of 458780 and 1740?
580
What is the highest common divisor of 201586 and 242?
242
Calculate the greatest common divisor of 192 and 7632.
48
What is the greatest common factor of 1245 and 27805?
415
What is the greatest common divisor of 709 and 406257?
709
Calculate the highest common factor of 18472 and 16.
8
Calculate the greatest common divisor of 16 and 10876.
4
Calculate the greatest common factor of 1550156 and 764.
764
Calculate the greatest common factor of 112 and 42248.
8
Calculate the highest common factor of 208105 and 5.
5
Calculate the greatest common divisor of 1815624 and 2338.
334
Calculate the highest common divisor of 124 and 192014.
62
Calculate the highest common factor of 11913 and 19074.
33
What is the greatest common factor of 1024 and 12160?
128
What is the greatest common factor of 1390 and 2290?
10
What is the highest common divisor of 503167 and 329?
7
Calculate the highest common factor of 472 and 824348.
236
What is the greatest common factor of 918896 and 736?
368
Calculate the greatest common factor of 323300 and 212.
212
What is the highest common factor of 27295 and 2650?
265
Calculate the highest common factor of 25720 and 1480.
40
Calculate the greatest common factor of 58581 and 1449.
207
What is the greatest common factor of 7072 and 9248?
544
Calculate the greatest common divisor of 1312 and 8692.
164
What is the greatest common divisor of 26 and 859521?
13
What is the greatest common factor of 5928 and 51792?
312
What is the highest common factor of 105018 and 46?
46
What is the greatest common divisor of 23924 and 268?
4
Calculate the greatest common divisor of 113285 and 50.
5
What is the highest common factor of 20 and 101350?
10
Calculate the greatest common factor of 219 and 810.
3
What is the greatest common divisor of 99 and 666?
9
What is the greatest common divisor of 2543198 and 392?
98
What is the greatest common factor of 274429 and 185?
37
Calculate the greatest common divisor of 63623 and 7259.
427
Calculate the greatest common factor of 22240 and 4880.
80
Calculate the highest common factor of 196 and 2842.
98
What is the greatest common factor of 20458 and 12352?
386
What is the greatest common factor of 11 and 32?
1
What is the greatest common factor of 164909 and 74?
37
Calculate the highest common divisor of 192514 and 14.
14
Calculate the greatest common divisor of 3435 and 915.
15
What is the greatest common factor of 175 and 13819?
1
What is the highest common divisor of 885 and 3552980?
295
Calculate the greatest common factor of 219778 and 79.
79
Calculate the highest common factor of 3192 and 1776.
24
Calculate the highest common divisor of 22110 and 6270.
330
Calculate the greatest common factor of 2 and 128994.
2
Calculate the greatest common factor of 120 and 7022520.
120
What is the highest common divisor of 3632 and 29510?
454
What is the highest common divisor of 34686 and 23493?
123
Calculate the highest common divisor of 12 and 128364.
12
What is the greatest common factor of 115453 and 155792?
1391
Calculate the greatest common divisor of 46 and 555082.
46
What is the highest common factor of 33606 and 24?
6
What is the highest common divisor of 3864 and 480746?
322
What is the greatest common factor of 282 and 65847?
141
Calculate the highest common factor of 144308 and 4195.
839
Calculate the greatest common factor of 13432 and 9223.
23
What is the greatest common divisor of 388580 and 180?
20
Calculate the highest common divisor of 112159 and 397309.
1901
What is the greatest common factor of 348 and 1737912?
348
What is the highest common divisor of 17679 and 78933?
249
Calculate the highest common divisor of 419514 and 18.
6
What is the greatest common factor of 1598 and 12643?
47
What is the highest common divisor of 498 and 263442?
498
Calculate the highest common factor of 192 and 16000.
64
Calculate the highest common divisor of 5206 and 2470.
38
What is the highest common factor of 10602 and 744?
186
Calculate the greatest common factor of 68126 and 46.
46
What is the highest common factor of 750 and 214125?
375
Calculate the greatest common factor of 20 and 1027956.
4
Calculate the greatest commo